se 8) to base 2
-11001100
-1101001110110 (base 2) to base 8
-15166
What is -5b87 (base 13) in base 6?
-135551
What is -808 (base 9) in base 11?
-547
Convert -480 (base 11) to base 7.
-1445
-110 (base 2) to base 8
-6
What is -203 (base 9) in base 11?
-140
Convert -115052 (base 8) to base 10.
-39466
-23 (base 11) to base 9
-27
Convert -207c (base 13) to base 7.
-16053
What is 4509 (base 15) in base 9?
22060
Convert 2621 (base 12) to base 16.
10f9
What is -e14 (base 16) in base 9?
-4844
What is -13043 (base 10) in base 13?
-5c24
What is -13047 (base 13) in base 4?
-20212023
-22112 (base 3) to base 5
-1410
1101110 (base 3) to base 7
2643
What is 30799 (base 11) in base 7?
244561
125051 (base 6) to base 14
427d
Convert f0 (base 16) to base 7.
462
2111110 (base 3) to base 4
130131
Convert 3455 (base 8) to base 16.
72d
What is -2375 (base 16) in base 10?
-9077
What is -28a6 (base 13) in base 11?
-4468
What is 1b4 (base 15) in base 7?
1102
Convert -12210011 (base 3) to base 11.
-3193
What is 660 (base 8) in base 15?
1dc
Convert 13063 (base 13) to base 11.
24520
Convert -2733 (base 9) to base 16.
-807
What is -49b (base 15) in base 14?
-54a
Convert -15c78 (base 13) to base 7.
-232332
-6e3 (base 15) to base 4
-120123
What is -55137 (base 8) in base 11?
-16422
What is -2691 (base 10) in base 11?
-2027
2002 (base 6) to base 8
662
What is 18b (base 12) in base 7?
506
What is 614 (base 8) in base 2?
110001100
What is 1001022 (base 3) in base 11?
635
221121222 (base 3) to base 14
6b47
359 (base 12) to base 11
416
-134214 (base 6) to base 14
-484a
Convert 2213 (base 9) to base 10.
1632
-3631 (base 12) to base 11
-4632
Convert -5d2 (base 15) to base 3.
-1210222
Convert -111100010 (base 2) to base 5.
-3412
Convert -1001010000 (base 2) to base 10.
-592
Convert -121a (base 15) to base 12.
-228a
413 (base 8) to base 12
1a3
What is -20ba (base 16) in base 6?
-102442
Convert 101 (base 10) to base 12.
85
20612 (base 7) to base 13
2429
What is 20012 (base 8) in base 13?
396c
Convert 4bd (base 16) to base 4.
102331
What is -19 (base 11) in base 10?
-20
-129 (base 10) to base 8
-201
Convert 13104 (base 5) to base 11.
856
Convert -1556 (base 13) to base 9.
-4238
Convert 11a3 (base 11) to base 14.
7db
Convert 3a1 (base 14) to base 13.
441
What is -716 (base 10) in base 13?
-431
17b88 (base 15) to base 2
10010110000110101
4431 (base 7) to base 14
818
-171 (base 13) to base 16
-105
7c8 (base 14) to base 6
11100
413320 (base 6) to base 12
17240
305031 (base 6) to base 15
7387
Convert -1090a (base 11) to base 3.
-210120222
What is -c60 (base 13) in base 15?
-956
1100011111101 (base 2) to base 11
4896
Convert 715 (base 9) to base 12.
405
Convert -1057 (base 11) to base 3.
-1220121
Convert 3ab (base 16) to base 5.
12224
Convert -289a (base 13) to base 6.
-43105
Convert 504 (base 6) to base 8.
270
1339 (base 15) to base 6
31000
What is 456 (base 10) in base 11?
385
What is -112025 (base 6) in base 14?
-3681
1085 (base 9) to base 8
1446
What is 44a (base 13) in base 14?
3aa
What is -251 (base 9) in base 15?
-dd
1242 (base 10) to base 2
10011011010
What is 1c8 (base 13) in base 14?
19b
What is 2302 (base 6) in base 8?
1036
-146345 (base 7) to base 15
-874e
Convert 1101211 (base 3) to base 2.
1111111101
Convert 100001011101001 (base 2) to base 4.
10023221
Convert 244444 (base 5) to base 12.
5512
What is -18333 (base 9) in base 10?
-12666
1114433 (base 5) to base 14
7401
What is -22115 (base 7) in base 6?
-41405
What is 297 (base 10) in base 14?
173
-211 (base 4) to base 14
-29
-1001110100001101 (base 2) to base 13
-153b9
Convert 9a3 (base 11) to base 12.
842
1440 (base 5) to base 8
365
Convert 47275 (base 10) to base 16.
b8ab
384 (base 15) to base 11
667
What is 2cc (base 14) in base 12?
3b8
What is 102321 (base 4) in base 12?
849
117c3 (base 13) to base 16
7d64
What is -13222 (base 4) in base 14?
-270
Convert -25222 (base 9) to base 11.
-11809
-1109 (base 14) to base 5
-43244
515 (base 6) to base 2
10111111
-146015 (base 7) to base 6
-335505
523 (base 11) to base 16
276
What is -14302 (base 6) in base 14?
-b82
Convert 65356 (base 7) to base 2.
11111110110101
Convert -495 (base 14) to base 9.
-1226
Convert 3111333 (base 4) to base 6.
143223
Convert 120242 (base 5) to base 9.
6081
What is -10110011 (base 2) in base 6?
-455
21c0 (base 13) to base 14
1a11
Convert 1011001110 (base 2) to base 7.
2044
-204235 (base 6) to base 8
-40177
-51231 (base 6) to base 12
-3b17
Convert 1125 (base 6) to base 12.
1a5
What is -279 (base 11) in base 12?
-234
Convert 100210010 (base 3) to base 14.
2855
What is 221202 (base 3) in base 9?
852
Convert -3615 (base 11) to base 2.
-1001001111111
What is -21100220 (base 3) in base 12?
-3136
What is 84b9 (base 14) in base 7?
123522
-3087 (base 12) to base 2
-1010010100111
What is 101010211 (base 3) in base 8?
16341
47 (base 10) to base 3
1202
Convert 11101011000101 (base 2) to base 13.
6b04
Convert 23340 (base 6) to base 13.
16c5
What is -12261 (base 9) in base 10?
-8236
9853 (base 13) to base 12
10321
Convert 1077 (base 10) to base 8.
2065
-12000001 (base 3) to base 9
-5001
What is -2111222020 (base 3) in base 15?
-ea36
-10224 (base 6) to base 5
-21014
What is -260 (base 15) in base 4?
-20130
What is -1203 (base 8) in base 15?
-2cd
-35300 (base 9) to base 10
-23571
What is -1050 (base 6) in base 14?
-138
Convert 96 (base 16) to base 4.
2112
What is -230212 (base 4) in base 6?
-21114
b00 (base 13) to base 14
96b
-722 (base 9) to base 5
-4322
Convert -2856 (base 9) to base 13.
-c9c
What is 41 (base 7) in base 15?
1e
-78 (base 10) to base 2
-1001110
Convert -535 (base 13) to base 12.
-621
Convert 2477 (base 8) to base 13.
7c4
-502 (base 12) to base 6
-3202
-200673 (base 8) to base 10
-65979
Convert -176 (base 8) to base 7.
-240
-210c (base 13) to base 15
-1550
Convert -12163 (base 7) to base 2.
-110001101101
What is 12614 (base 7) in base 3?
11122122
What is 3cc (base 13) in base 9?
830
What is a38 (base 12) in base 3?
2000222
Convert -320520 (base 6) to base 10.
-26112
-100011001011 (base 2) to base 11
-1767
What is -9308 (base 11) in base 15?
-39d5
What is -10212102 (base 3) in base 10?
-2819
Convert 20000 (base 3) to base 7.
321
What is d53 (base 15) in base 9?
4106
Convert -a115 (base 11) to base 6.
-142131
What is -111 (base 16) in base 15?
-133
Convert -1001111111 (base 2) to base 14.
-339
-10100001110 (base 2) to base 10
-1294
Convert 220141 (base 5) to base 7.
31000
Convert -3415 (base 6) to base 16.
-323
30321 (base 7) to base 14
2981
What is 33a9 (base 11) in base 12?
270b
Convert -30221 (base 5) to base 6.
-12544
What is 24ab (base 13) in base 5?
131321
What is 22344 (base 10) in base 8?
53510
2350 (base 6) to base 5
4240
Convert 10242 (base 5) to base 9.
854
What is 6537 (base 9) in base 7?
20014
What is -147433 (base 8) in base 4?
-30330123
2493 (base 10) to base 13
119a
-1060 (base 9) to base 11
-652
Convert -2d22 (base 15) to base 3.
-111022112
What is 1ac (base 15) in base 7?
1062
Convert 15663 (base 9) to base 10.
10749
Convert 1018 (base 9) to base 11.
619
Convert -10050 (base 6) to base 10.
-1326
Convert 57e (base 16) to base 10.
1406
Convert 202214 (base 5) to base 15.
1e24
What is 18223 (base 10) in base 9?
26887
11120020 (base 3) to base 10
3327
What is -132551 (base 8) in base 11?
-3198a
Convert -33133 (base 5) to base 10.
-2293
What is -21200 (base 4) in base 11?
-503
What is 36792 (base 11) in base 14?
15397
-426 (base 7) to base 3
-22000
What is 31b (base 14) in base 12?
431
-11101010111 (base 2) to base 6
-12411
Convert 53c0 (base 13) to base 8.
26600
Convert -4dc (base 14) to base 2.
-1111010010
Convert 463 (base 7) to base 14.
133
What is -2115 (base 8) in base 16?
-44d
What is 100100010000101 (base 2) in base 5?
1043230
-39820 (base 10) to base 16
-9b8c
1a9 (base 13) to base 7
620
What is -4687 (base 11) in base 6?
-44241
What is -7 (base 12) in base 2?
-111
11000100100 (base 2) to base 5
22242
Convert 53343 (base 7) to base 6.
141100
-413 (base 16) to base 3
-1102122
Convert -2327 (base 11) to base 6.
-22050
What is -1162 (base 16) in base 9?
-6084
23243 (base 11) to base 14
c336
Convert -11001010001 (base 2) to base 13.
-975
What is -8873 (base 10) in base 2?
-10001010101001
Convert -d07 (base 14) to base 2.
-100111111011
What